by 15241.
16
Calculate the remainder when 165915 is divided by 2022.
111
Calculate the remainder when 21212 is divided by 15207.
6005
What is the remainder when 628505 is divided by 17394?
2321
Calculate the remainder when 9876042 is divided by 2548.
2542
What is the remainder when 2938209 is divided by 130?
79
What is the remainder when 61408 is divided by 11648?
3168
What is the remainder when 108719610 is divided by 13589948?
26
What is the remainder when 1964718 is divided by 982130?
458
What is the remainder when 5142426 is divided by 971?
10
What is the remainder when 862182 is divided by 1837?
629
What is the remainder when 619212 is divided by 38678?
364
What is the remainder when 6707559 is divided by 19055?
199
Calculate the remainder when 17140178 is divided by 85.
13
What is the remainder when 1612964 is divided by 1566?
1550
What is the remainder when 10757875 is divided by 21430?
15
What is the remainder when 713651 is divided by 472?
459
What is the remainder when 260455 is divided by 23665?
140
What is the remainder when 193540 is divided by 10175?
215
Calculate the remainder when 55022 is divided by 81.
23
Calculate the remainder when 1775415 is divided by 50726.
5
What is the remainder when 216977 is divided by 348?
173
What is the remainder when 131370 is divided by 109?
25
What is the remainder when 485857299 is divided by 100?
99
Calculate the remainder when 3873172 is divided by 408.
28
What is the remainder when 1687843 is divided by 734?
377
What is the remainder when 389651 is divided by 789?
674
Calculate the remainder when 9203606 is divided by 261.
224
Calculate the remainder when 3702721 is divided by 152.
1
Calculate the remainder when 898062696 is divided by 43.
42
What is the remainder when 1108766 is divided by 18789?
215
Calculate the remainder when 803408 is divided by 1099.
39
What is the remainder when 124665926 is divided by 8670?
8666
Calculate the remainder when 26543019 is divided by 76.
19
What is the remainder when 1755609 is divided by 14?
9
Calculate the remainder when 5762557 is divided by 13.
8
What is the remainder when 8707807 is divided by 114?
31
What is the remainder when 158736 is divided by 233?
63
What is the remainder when 3303769 is divided by 1101252?
13
Calculate the remainder when 393143 is divided by 4136.
223
Calculate the remainder when 9983148 is divided by 171.
168
Calculate the remainder when 1563010 is divided by 3028.
562
What is the remainder when 26810 is divided by 12939?
932
What is the remainder when 16815014 is divided by 315?
314
Calculate the remainder when 74740 is divided by 2473.
550
Calculate the remainder when 1534225 is divided by 1534220.
5
What is the remainder when 87819 is divided by 12538?
53
What is the remainder when 10749370 is divided by 91?
86
What is the remainder when 3523864 is divided by 55?
14
What is the remainder when 18790222 is divided by 138?
4
Calculate the remainder when 12291714 is divided by 36.
18
Calculate the remainder when 100299 is divided by 874.
663
What is the remainder when 38576350 is divided by 389?
387
Calculate the remainder when 3993454 is divided by 286.
36
What is the remainder when 688069 is divided by 32?
5
What is the remainder when 22522405 is divided by 107?
82
What is the remainder when 14183712 is divided by 4239?
18
What is the remainder when 397646935 is divided by 3274?
3265
Calculate the remainder when 332176 is divided by 7105.
5346
Calculate the remainder when 14916991 is divided by 7.
5
What is the remainder when 301081568 is divided by 4594?
4590
What is the remainder when 35774601 is divided by 1626117?
27
Calculate the remainder when 10024537 is divided by 1773.
1768
Calculate the remainder when 21128696 is divided by 207.
206
What is the remainder when 25686137 is divided by 48?
41
What is the remainder when 46655 is divided by 46228?
427
What is the remainder when 1804651 is divided by 1804604?
47
Calculate the remainder when 5421951 is divided by 98.
3
Calculate the remainder when 335773 is divided by 167676.
421
Calculate the remainder when 162832190 is divided by 81.
77
Calculate the remainder when 554917 is divided by 110966.
87
Calculate the remainder when 3281000 is divided by 6498.
6008
What is the remainder when 337056 is divided by 8232?
7776
Calculate the remainder when 6357503 is divided by 1429.
1311
Calculate the remainder when 779869 is divided by 132.
13
Calculate the remainder when 307313 is divided by 153617.
79
What is the remainder when 2679295 is divided by 334911?
7
What is the remainder when 1985 is divided by 1471?
514
What is the remainder when 1727494 is divided by 2439?
682
What is the remainder when 4578990 is divided by 2027?
2024
What is the remainder when 243071 is divided by 491?
26
Calculate the remainder when 496023 is divided by 1820.
983
Calculate the remainder when 217459 is divided by 659.
648
Calculate the remainder when 252470 is divided by 31489.
558
Calculate the remainder when 34883903 is divided by 8720974.
7
Calculate the remainder when 257845172 is divided by 175.
172
What is the remainder when 2631389 is divided by 219278?
53
Calculate the remainder when 2404335 is divided by 2218.
23
Calculate the remainder when 2391879 is divided by 1751.
13
What is the remainder when 29393589 is divided by 1497?
1491
Calculate the remainder when 622689 is divided by 644.
585
Calculate the remainder when 30774477 is divided by 42.
27
What is the remainder when 281351 is divided by 70257?
323
What is the remainder when 61523164 is divided by 534984?
4
Calculate the remainder when 5615164 is divided by 386.
22
What is the remainder when 3635620 is divided by 1991?
54
What is the remainder when 3880922 is divided by 19024?
26
What is the remainder when 288860 is divided by 2859?
101
Calculate the remainder when 360662 is divided by 221.
211
What is the remainder when 37370 is divided by 7447?
135
Calculate the remainder when 200180 is divided by 8071.
6476
Calculate the remainder when 5187964 is divided by 322.
222
Calculate the remainder when 37966496 is divided by 177.
173
Calculate the remainder when 91007866 is divided by 14.
12
Calculate the remainder when 760350 is divided by 7180.
6450
What is the remainder when 5306018 is divided by 4418?
0
What is the remainder when 965746 is divided by 136?
10
Calculate the remainder when 3336510 is divided by 340.
90
Calculate the remainder when 11509956 is divided by 295127.
3
Calculate the remainder when 53870959 is divided by 5387093.
29
Calculate the remainder when 478432 is divided by 43493.
9
Calculate the remainder when 666097 is divided by 156.
133
What is the remainder when 798529 is divided by 101?
23
Calculate the remainder when 404860198 is divided by 41.
40
Calculate the remainder when 257894 is divided by 3393.
26
Calculate the remainder when 994950274 is divided by 1121.
1119
What is the remainder when 34012 is divided by 278?
96
What is the remainder when 5920655 is divided by 986765?
65
What is the remainder when 524730 is divided by 40361?
37
What is the remainder when 6550766 is divided by 3275379?
8
What is the remainder when 64751 is divided by 1500?
251
Calculate the remainder when 4041123 is divided by 155426.
47
What is the remainder when 409113 is divided by 179?
98
Calculate the remainder when 958493 is divided by 4223.
4095
What is the remainder when 2544159 is divided by 407?
2
What is the remainder when 565843 is divided by 1451?
1404
Calculate the remainder when 33618133 is divided by 58.
57
Calculate the remainder when 209321 is divided by 531.
107
What is the remainder when 6580142 is divided by 1141?
1136
What is the remainder when 3589609 is divided by 92?
45
What is the remainder when 4266253 is divided by 624?
589
Calculate the remainder when 11876785 is divided by 179.
135
What is the remainder when 1122194 is divided by 2322?
668
Calculate the remainder when 1170085 is divided by 146187.
589
What is the remainder when 293205 is divided by 73280?
85
Calculate the remainder when 3991798 is divided by 6428.
10
What is the remainder when 41476 is divided by 2994?
2554
Calculate the remainder when 43196 is divided by 43125.
71
What is the remainder when 18216130 is divided by 354?
352
Calculate t